
Suppose 0 = 2*w - 5*l - 533 - 313, 4*l = -5*w + 2082. Let d = 755 - w. Is d a prime number?
True
Suppose 221*j = 206*j + 431835. Is j a composite number?
False
Let p = 31385 - 15497. Is ((p/18)/(-8))/(1/(-3)) a prime number?
True
Is (-126821)/(-6) - 28/(-168) composite?
True
Let f = 8859 + 21592. Is f a prime number?
False
Let j = 0 - 5. Let f(u) = u**3 + 7*u**2 + 12*u + 7. Let v be f(j). Is (v/(-9))/((-4)/(-3624)) a prime number?
False
Let v(i) = 50*i**2 - 4*i - 3. Let a be (-56)/40 - 6/10. Is v(a) composite?
True
Suppose v + 5*d = 66629, 2*v - 83223 = -4*d + 50035. Is v composite?
False
Let a be 8/(-3) - 16/(-24). Is (3992/4)/(0 - a) composite?
False
Let f be (11 + 0 + -3)*-2. Let k be f/(-20)*-1*-180. Let c = 403 - k. Is c a prime number?
False
Let x(m) = -m**2 + m. Let g(c) = -93*c**2 + 4*c + 2. Let r(b) = -g(b) + x(b). Let n = -9 - -8. Is r(n) a composite number?
True
Suppose 396*k = 387*k + 180045. Is k a composite number?
True
Is (0 - 2)/(28/(-2618)) a prime number?
False
Let x(d) = d**2 + 11*d + 3. Let t be x(-11). Suppose 0 = i - 6 + t. Suppose -5*m + c + 933 = i*c, c = -4*m + 744. Is m composite?
True
Let n(h) = -390*h - 1 + 127*h + 0 + 4. Is n(-2) prime?
False
Let n(g) = 9*g**3 + 4*g**2 - 8. Is n(5) composite?
False
Let o = -6 + 8. Let s(g) = 3*g**3 - 3*g**2 - 4*g. Let k be s(2). Suppose -o*h + k*j + 896 = 2*h, -454 = -2*h - j. Is h prime?
False
Is (-7 - 209/(-33))/(4/(-59226)) a composite number?
False
Let q(y) = 11*y + 3*y**3 + y**3 - 10 - 14*y**2 + 4. Let f(i) = 5*i**3 - 15*i**2 + 10*i - 7. Let n(u) = -3*f(u) + 4*q(u). Is n(10) a prime number?
True
Let c = -104 - -111. Let h(o) = 4*o**3 - 7*o**2 + 4*o + 4. Is h(c) prime?
True
Let o be 2 + (-20 - 0/5). Let p(y) = 0*y - 6*y - y**2 + 5 - 20*y. Is p(o) a prime number?
True
Let q(l) = -45*l - 1. Let r(u) = -u**2 - 6*u + 4. Let z be r(-5). Suppose -4*a = -7*a - z. Is q(a) a prime number?
False
Let s be 6/9*6/1. Suppose 0 = -s*d + 43 + 33. Let n = 87 + d. Is n a composite number?
True
Let t(r) be the first derivative of -r**4/4 + r**3/3 - r**2/2 - 7*r - 15. Is t(-6) a prime number?
True
Suppose -2*g - 4*g = -24. Suppose m = -g*z + 977, -5*m + z = -m - 3993. Is m a prime number?
True
Let d = 18 - 13. Suppose -n - 2*s + 86 = -111, -5*s - 940 = -d*n. Is n composite?
False
Let g = 3290 + -1092. Suppose -g = -13*c + 11*c. Is c a composite number?
True
Suppose -2*s - 2 = -0*s, 0 = 3*w + 4*s - 11. Suppose d + 5 = -2*o, -o - 3*o - 30 = -2*d. Suppose -709 = -d*k + 4*y, -2*k - w*y + 87 = -190. Is k a prime number?
False
Let g be (-4)/10 + (-18)/30. Is g/(-3 - (-29240)/9748) prime?
True
Let u(f) = 267*f - 688. Is u(65) prime?
False
Suppose -10 = -5*f + 35. Let a(c) = c - f - 6*c + c. Is a(-12) a composite number?
True
Suppose 0 = -p, -3*v + 2*p + 6 = 4*p. Suppose -n = -2*y + 1583, 4*y + v*n = 2185 + 977. Is y a prime number?
False
Let p(l) = -l**3 - 2*l**2 + 15*l + 1. Let i be p(-5). Is (2936/(1 + -5))/(-1 - i) composite?
False
Suppose 8*q - 3*u = 3*q + 10, 2 = q - 5*u. Suppose -q*w + 113 + 61 = 0. Is w a composite number?
True
Let t(h) = -h + 9. Let m be t(10). Let o = 10 + m. Is 4/(-12) - (-462)/o a composite number?
True
Suppose 14*i - 10*i = -g + 61133, -5*i = 3*g - 183392. Is g a prime number?
True
Let p(g) = -g**2 - 12*g + 3. Let j be p(-8). Suppose 750 = 5*h - 5*i, h - 4*i = 6*h - 795. Suppose w - o = 41 + j, -2*w + h = -o. Is w composite?
False
Suppose 26 = 4*f - w, -3*f - 4*w - 8 + 18 = 0. Let g(d) = 103*d - 31. Is g(f) a prime number?
True
Let l be 1*(-3 + 2) - 3. Let m(o) = -2*o**3 + 5*o**2 + 2*o - 9. Is m(l) composite?
False
Let y = 150 - 638. Let i = y + 701. Is i prime?
False
Suppose -1914 = -2*z - 2*m - 320, 0 = -4*m + 12. Let h = -557 + z. Suppose 2*y = 3*f + 158, -3*y + h = 2*f - f. Is y prime?
True
Suppose f + 778 - 2837 = 0. Is f a composite number?
True
Let k be (90/21)/((-3)/(-4809)). Suppose -4*h + 3*w = -4075, 3*h + 4*w = -w + 3020. Suppose h = -5*o + k. Is o prime?
True
Let l(b) = 2*b + 42. Let u be l(-18). Suppose -u*y + 72 = -606. Is y composite?
False
Let d = -2357 + 4466. Let r = 2444 + -3862. Let p = r + d. Is p a prime number?
True
Suppose -a - 21 + 156 = 0. Let i be 570/a + 4/(-18). Suppose i*q - q - 4*m - 153 = 0, -3*q - 4*m = -129. Is q a composite number?
False
Let d = -1547 - -2910. Is d a composite number?
True
Suppose 16 = -3*x + 7*x. Is (405 - (x + 0))*1 composite?
False
Let j(p) = 3*p**2 - p - 6. Let f = -5 + 10. Let l be j(f). Let y = l - 39. Is y prime?
False
Suppose 7*d + 2*l = 2*d + 9083, -d + 1819 = -2*l. Is d composite?
True
Suppose -6*n + 4*n = 10, -3*n = -3*t + 183438. Is t composite?
False
Suppose 0 = -4*l + 5*n + 497, -3*l - 2*n + n = -349. Suppose -2*y + 348 - l = 0. Is y a composite number?
True
Let l be (-3)/4*(458 - 6). Is (-4 - -9)*l/(-15) composite?
False
Suppose 452 = 5*l - 4*l. Let c be 151*(2 + -1)*7/7. Let t = l - c. Is t prime?
False
Let u(x) = 4*x + 2. Let m be u(-3). Let s(f) = -f**3 - 10*f**2 - 10*f + 19. Is s(m) composite?
True
Let q(x) = 68*x - 9. Let o be q(3). Is 4/(-6)*o/(-2) a prime number?
False
Let q = 137 + -135. Suppose y = 3*s + 2023, 5*s - 6*s + 4032 = q*y. Is y prime?
True
Let t(h) = -9 + 17 + 16*h + 9 - 5*h + 13*h**2. Is t(-9) a composite number?
False
Let f be (-2)/(-5) - 35151/15. Is (-1 - f)*(-18)/(-36) a composite number?
False
Is (-4*9/12)/(3/(-523)) a prime number?
True
Let d = -1784 - -3046. Suppose 11*t - d - 1059 = 0. Is t composite?
False
Let q(w) = -2*w**2 - 3*w + 1. Let y be q(3). Let c = y - -337. Suppose 5*v = -2*s + c, s + v - 166 = 2*v. Is s composite?
False
Let f(m) = 7 - m**2 - 10*m + 0 + 6 + 2. Let b be f(-11). Is 635/b + 2/8 prime?
False
Let w(j) = 2*j**2 + j - 4. Let y(b) = -4*b - 3. Suppose 5*h + 0*q + 2*q + 8 = 0, 0 = h + q + 1. Let z be y(h). Is w(z) a composite number?
True
Let o(z) = -z**3 + 5*z**2 - 4*z - 9. Suppose -4*i + 0*i - 24 = 0. Is o(i) composite?
True
Let n(y) = 201*y**3 - 6*y**2 - 6*y - 2. Is n(5) a composite number?
False
Suppose -9 = -3*x, -l - 4*x = -5*l - 4. Suppose 3*o = g + 210, -o = -l*o - 2*g + 77. Is o a prime number?
True
Let a(j) = j**2 - 8*j - 15. Let f be a(11). Let t = f + -30. Is t/24 - (-310)/4 composite?
True
Let r(l) = 214*l - 1. Let p be ((-30)/(-12))/(1/2). Is r(p) prime?
True
Suppose 2*y + y = 12. Suppose -1790 = -y*a + 558. Is a composite?
False
Suppose 17 = -2*s + 85. Let u = 250 + s. Suppose 2*o - 118 = -4*q, 4*o = 2*q + 2*q + u. Is o composite?
False
Suppose -5*a + 9*a - 46529 = -r, 0 = -2*a - r + 23263. Is a a prime number?
True
Suppose 18*o = 22*o - 32. Is 3/2 + -1 + 21044/o composite?
True
Suppose 0 = -2*o + 5*u - 6, -u = -5*o + u + 6. Suppose o*q + 1183 = -3*x, 0 = 4*x - x + q + 1184. Let y = 688 + x. Is y a prime number?
True
Let x(r) be the first derivative of -11 + 7*r + 35*r**2 + 48*r**2 + 54*r**2. Is x(3) a composite number?
False
Let h(i) = i**2 - i. Let m be h(1). Suppose m = 4*t - 6*t. Let o(x) = 2*x + 149. Is o(t) composite?
False
Let t(i) = 4*i**3 + i**2 - 3*i - 968. Let m(o) = -7*o**3 - 2*o**2 + 5*o + 1937. Let j(p) = 3*m(p) + 5*t(p). Is j(0) composite?
False
Let m(d) = d**2 - 20*d + 19. Let o be m(19). Suppose -s - s - 3136 = o. Let w = -945 - s. Is w a composite number?
True
Suppose -d = -3*w + 3 + 6, d + w - 3 = 0. Suppose -j = 3*m - d*j - 261, -m = 3*j - 87. Is m a composite number?
True
Suppose 146*c - 99*c = 4551809. Is c a composite number?
False
Let k be (43 - -2)/((-6)/(-4)). Let r be -5 + 4 + k/2. Suppose -1 = -i + r. Is i composite?
True
Let c = -168 - -378. Suppose -m - 48 = 2*z + c, 0 = 3*m. Let r = z + 1096. Is r a composite number?
False
Suppose 2*n - 8 = -4*q, -3*n = -2*n - q - 7. Let h(v) = v - 1 + n*v**3 - 7*v**3 + 2*v + 0. Is h(-4) prime?
False
Suppose -10 = 6*v - 11*v, -4*b - 2*v = -48812. Is b a prime number?
False
Suppose 5*a + q - 69130 + 1456 = 0, -2*q - 67677 = -5*a. Is a composite?
True
Let l = -82 + 82. Suppose -3*r + 4*z + 7229 = l, -5*z - 6 + 11 = 0. Is r a prime number?
True
Let r = 63 - 58. Suppose -4*t = -r*b + 5501, 0 = b - t + 3*t - 1089. Is b composite?
False
Suppose -d + 9457 = -3*t, 6*t = -5*d + t + 47245. Let p = d - 6182. Is p a prime number?
False
Let k(h) = 21*h**3 + 4*h**2 - 5*h + 4. Let m = -5 - -7. Let a be k(m). Suppose 0*s - 2*s = -a. Is s a prime number?
True
Suppose -j = j, j + 2814 = 2*w. Sup